{"id":128,"date":"2024-05-14T18:26:43","date_gmt":"2024-05-14T16:26:43","guid":{"rendered":"https:\/\/letincd.cluster029.hosting.ovh.net\/?post_type=product&#038;p=128"},"modified":"2026-04-23T10:53:22","modified_gmt":"2026-04-23T08:53:22","slug":"bougie-fruits-rouges","status":"publish","type":"product","link":"https:\/\/letincelledaurel.fr\/index.php\/produit\/bougie-fruits-rouges\/","title":{"rendered":"Bougie Fruits Rouges Gourmands"},"content":{"rendered":"\t\t<div data-elementor-type=\"wp-post\" data-elementor-id=\"128\" class=\"elementor elementor-128\">\n\t\t\t\t<div class=\"elementor-element elementor-element-6d70a2fe e-con-full e-flex wpr-particle-no wpr-jarallax-no wpr-parallax-no wpr-sticky-section-no wpr-equal-height-no e-con e-parent\" data-id=\"6d70a2fe\" data-element_type=\"container\" data-e-type=\"container\">\n\t\t\t\t<div class=\"elementor-element elementor-element-71135154 elementor-widget elementor-widget-text-editor\" data-id=\"71135154\" data-element_type=\"widget\" data-e-type=\"widget\" data-widget_type=\"text-editor.default\">\n\t\t\t\t<div class=\"elementor-widget-container\">\n\t\t\t\t\t\t\t\t\t<p>Succombez \u00e0 cette bougie au parfum fruit\u00e9 et gourmand, \u00e9voquant irr\u00e9sistiblement un d\u00e9licieux g\u00e2teau. Son effet trompe-l\u2019\u0153il r\u00e9aliste \u00e9veille les sens et attire tous les regards, pour une touche aussi ludique qu\u2019\u00e9l\u00e9gante dans votre int\u00e9rieur. Avec ses 140 g de cire, elle offre environ 25 heures de combustion, pour prolonger ce moment de douceur et de plaisir.<\/p><h4>Composition<\/h4><ul><li>Cire de soja\/coco pour la chantilly<\/li><li>Cire de soja pour le crumble<\/li><li>Cire M\u00e9lange 80\/20 paraffine\/ st\u00e9arine pour les fruits rouges<\/li><li>M\u00e8che coton.<\/li><\/ul><p>S\u2019agissant de model\u00e9 uniques, les photos ne sont pas contractuelles et les couleurs et les rendus<br \/>peuvent l\u00e9g\u00e8rement changer<\/p><h4>Pyramide olfactive<\/h4><p><img fetchpriority=\"high\" decoding=\"async\" src=\"https:\/\/letincelledaurel.fr\/wp-content\/uploads\/2024\/05\/Note-1024x519.png\" alt=\"\" width=\"600\" height=\"304\" \/><\/p><h4>Conseil d\u2019utilisation<\/h4><p>Veiller \u00e0 recouper la m\u00e8che si elle d\u00e9passe, 0.5cm.<\/p><h4>Pr\u00e9cautions d\u2019utilisation<\/h4><p>Ne jamais laisser une bougie sans surveillance.<br \/>Toujours placer votre bougie sur une surface plane.<br \/>Ne jamais bouger, d\u00e9placer ou soulever une bougie allum\u00e9e<br \/><strong>Tenir hors de port\u00e9e des enfants et des animaux<\/strong><\/p><p><strong>Tenir hors de port\u00e9e des enfants et des animaux<\/strong><\/p><p><b><span style=\"color: #000000;\"><span style=\"font-family: Roboto, Open Sans, sans-serif;\"><span style=\"font-size: small;\">Ces bougies gourmandes sont exclusivement destin\u00e9es aux adultes. <\/span><\/span><\/span><\/b><b><span style=\"color: #000000;\"><span style=\"font-family: Roboto, Open Sans, sans-serif;\"><span style=\"font-size: small;\">Elles ne conviennent pas aux enfants et doivent \u00eatre tenues hors de port\u00e9e des enfants de moins de 36 mois.<\/span><\/span><\/span><\/b><\/p><h4 style=\"font-size: 1.41176rem; font-style: normal; color: #1e1e1e;\">\u00c9tiquette<\/h4><div><img decoding=\"async\" class=\"alignnone wp-image-1070\" src=\"https:\/\/letincelledaurel.fr\/wp-content\/uploads\/2024\/11\/fruits-rouges-gourmands-1-300x209.jpg\" alt=\"\" width=\"378\" height=\"264\" srcset=\"https:\/\/letincelledaurel.fr\/wp-content\/uploads\/2024\/11\/fruits-rouges-gourmands-1-300x209.jpg 300w, https:\/\/letincelledaurel.fr\/wp-content\/uploads\/2024\/11\/fruits-rouges-gourmands-1-768x535.jpg 768w, https:\/\/letincelledaurel.fr\/wp-content\/uploads\/2024\/11\/fruits-rouges-gourmands-1-600x418.jpg 600w, https:\/\/letincelledaurel.fr\/wp-content\/uploads\/2024\/11\/fruits-rouges-gourmands-1.jpg 800w\" sizes=\"(max-width: 378px) 100vw, 378px\" \/><\/div>\t\t\t\t\t\t\t\t<\/div>\n\t\t\t\t<\/div>\n\t\t\t\t<\/div>\n\t\t\t\t<\/div>\n\t\t","protected":false},"excerpt":{"rendered":"<p>Succombez \u00e0 cette bougie au parfum fruit\u00e9 et gourmand, \u00e9voquant irr\u00e9sistiblement un d\u00e9licieux g\u00e2teau. Son effet trompe-l\u2019\u0153il r\u00e9aliste \u00e9veille les sens et attire tous les regards, pour une touche aussi ludique qu\u2019\u00e9l\u00e9gante dans votre int\u00e9rieur. Avec ses 140 g de cire, elle offre environ 25 heures de combustion, pour prolonger ce moment de douceur et de plaisir.Cette bougie diffuse une douce odeur fruit\u00e9 qui ressemble \u00e0 un bonbon, elle p\u00e8se 140g<br \/>\npour une combustion de 40h environ.<\/p>\n","protected":false},"featured_media":1564,"template":"","meta":{"_eb_attr":"","site-sidebar-layout":"default","site-content-layout":"","ast-site-content-layout":"default","site-content-style":"default","site-sidebar-style":"default","ast-global-header-display":"","ast-banner-title-visibility":"","ast-main-header-display":"","ast-hfb-above-header-display":"","ast-hfb-below-header-display":"","ast-hfb-mobile-header-display":"","site-post-title":"","ast-breadcrumbs-content":"","ast-featured-img":"","footer-sml-layout":"","ast-disable-related-posts":"","theme-transparent-header-meta":"default","adv-header-id-meta":"","stick-header-meta":"","header-above-stick-meta":"","header-main-stick-meta":"","header-below-stick-meta":"","astra-migrate-meta-layouts":"set","ast-page-background-enabled":"default","ast-page-background-meta":{"desktop":{"background-color":"var(--ast-global-color-5)","background-image":"","background-repeat":"repeat","background-position":"center center","background-size":"auto","background-attachment":"scroll","background-type":"","background-media":"","overlay-type":"","overlay-color":"","overlay-opacity":"","overlay-gradient":""},"tablet":{"background-color":"","background-image":"","background-repeat":"repeat","background-position":"center center","background-size":"auto","background-attachment":"scroll","background-type":"","background-media":"","overlay-type":"","overlay-color":"","overlay-opacity":"","overlay-gradient":""},"mobile":{"background-color":"","background-image":"","background-repeat":"repeat","background-position":"center center","background-size":"auto","background-attachment":"scroll","background-type":"","background-media":"","overlay-type":"","overlay-color":"","overlay-opacity":"","overlay-gradient":""}},"ast-content-background-meta":{"desktop":{"background-color":"var(--ast-global-color-4)","background-image":"","background-repeat":"repeat","background-position":"center center","background-size":"auto","background-attachment":"scroll","background-type":"","background-media":"","overlay-type":"","overlay-color":"","overlay-opacity":"","overlay-gradient":""},"tablet":{"background-color":"var(--ast-global-color-4)","background-image":"","background-repeat":"repeat","background-position":"center center","background-size":"auto","background-attachment":"scroll","background-type":"","background-media":"","overlay-type":"","overlay-color":"","overlay-opacity":"","overlay-gradient":""},"mobile":{"background-color":"var(--ast-global-color-4)","background-image":"","background-repeat":"repeat","background-position":"center center","background-size":"auto","background-attachment":"scroll","background-type":"","background-media":"","overlay-type":"","overlay-color":"","overlay-opacity":"","overlay-gradient":""}}},"product_brand":[],"product_cat":[20,21],"product_tag":[],"class_list":{"0":"post-128","1":"product","2":"type-product","3":"status-publish","4":"has-post-thumbnail","6":"product_cat-bougies","7":"product_cat-gourmandes","8":"desktop-align-left","9":"tablet-align-left","10":"mobile-align-left","12":"first","13":"instock","14":"shipping-taxable","15":"purchasable","16":"product-type-simple"},"yoast_head":"<!-- This site is optimized with the Yoast SEO plugin v27.4 - https:\/\/yoast.com\/product\/yoast-seo-wordpress\/ -->\n<title>Bougie Fruits Rouges Gourmands - L&#039;\u00c9tincelle d&#039;Aurel<\/title>\n<meta name=\"robots\" content=\"index, follow, max-snippet:-1, max-image-preview:large, max-video-preview:-1\" \/>\n<link rel=\"canonical\" href=\"https:\/\/letincelledaurel.fr\/index.php\/produit\/bougie-fruits-rouges\/\" \/>\n<meta property=\"og:locale\" content=\"fr_FR\" \/>\n<meta property=\"og:type\" content=\"article\" \/>\n<meta property=\"og:title\" content=\"Bougie Fruits Rouges Gourmands - L&#039;\u00c9tincelle d&#039;Aurel\" \/>\n<meta property=\"og:description\" content=\"Succombez \u00e0 cette bougie au parfum fruit\u00e9 et gourmand, \u00e9voquant irr\u00e9sistiblement un d\u00e9licieux g\u00e2teau. Son effet trompe-l\u2019\u0153il r\u00e9aliste \u00e9veille les sens et attire tous les regards, pour une touche aussi ludique qu\u2019\u00e9l\u00e9gante dans votre int\u00e9rieur. Avec ses 140 g de cire, elle offre environ 25 heures de combustion, pour prolonger ce moment de douceur et de plaisir.Cette bougie diffuse une douce odeur fruit\u00e9 qui ressemble \u00e0 un bonbon, elle p\u00e8se 140g pour une combustion de 40h environ.\" \/>\n<meta property=\"og:url\" content=\"https:\/\/letincelledaurel.fr\/index.php\/produit\/bougie-fruits-rouges\/\" \/>\n<meta property=\"og:site_name\" content=\"L&#039;\u00c9tincelle d&#039;Aurel\" \/>\n<meta property=\"article:publisher\" content=\"https:\/\/www.facebook.com\/people\/Ltincelle-dAurel\/61566151084639\/\" \/>\n<meta property=\"article:modified_time\" content=\"2026-04-23T08:53:22+00:00\" \/>\n<meta property=\"og:image\" content=\"https:\/\/letincelledaurel.fr\/wp-content\/uploads\/2025\/04\/IMG_0847.png\" \/>\n\t<meta property=\"og:image:width\" content=\"896\" \/>\n\t<meta property=\"og:image:height\" content=\"1195\" \/>\n\t<meta property=\"og:image:type\" content=\"image\/png\" \/>\n<meta name=\"twitter:card\" content=\"summary_large_image\" \/>\n<meta name=\"twitter:label1\" content=\"Dur\u00e9e de lecture estim\u00e9e\" \/>\n\t<meta name=\"twitter:data1\" content=\"2 minutes\" \/>\n<script type=\"application\/ld+json\" class=\"yoast-schema-graph\">{\"@context\":\"https:\\\/\\\/schema.org\",\"@graph\":[{\"@type\":\"WebPage\",\"@id\":\"https:\\\/\\\/letincelledaurel.fr\\\/index.php\\\/produit\\\/bougie-fruits-rouges\\\/\",\"url\":\"https:\\\/\\\/letincelledaurel.fr\\\/index.php\\\/produit\\\/bougie-fruits-rouges\\\/\",\"name\":\"Bougie Fruits Rouges Gourmands - L&#039;\u00c9tincelle d&#039;Aurel\",\"isPartOf\":{\"@id\":\"https:\\\/\\\/letincelledaurel.fr\\\/#website\"},\"primaryImageOfPage\":{\"@id\":\"https:\\\/\\\/letincelledaurel.fr\\\/index.php\\\/produit\\\/bougie-fruits-rouges\\\/#primaryimage\"},\"image\":{\"@id\":\"https:\\\/\\\/letincelledaurel.fr\\\/index.php\\\/produit\\\/bougie-fruits-rouges\\\/#primaryimage\"},\"thumbnailUrl\":\"https:\\\/\\\/letincelledaurel.fr\\\/wp-content\\\/uploads\\\/2025\\\/04\\\/IMG_0847.png\",\"datePublished\":\"2024-05-14T16:26:43+00:00\",\"dateModified\":\"2026-04-23T08:53:22+00:00\",\"breadcrumb\":{\"@id\":\"https:\\\/\\\/letincelledaurel.fr\\\/index.php\\\/produit\\\/bougie-fruits-rouges\\\/#breadcrumb\"},\"inLanguage\":\"fr-FR\",\"potentialAction\":[{\"@type\":\"ReadAction\",\"target\":[\"https:\\\/\\\/letincelledaurel.fr\\\/index.php\\\/produit\\\/bougie-fruits-rouges\\\/\"]}]},{\"@type\":\"ImageObject\",\"inLanguage\":\"fr-FR\",\"@id\":\"https:\\\/\\\/letincelledaurel.fr\\\/index.php\\\/produit\\\/bougie-fruits-rouges\\\/#primaryimage\",\"url\":\"https:\\\/\\\/letincelledaurel.fr\\\/wp-content\\\/uploads\\\/2025\\\/04\\\/IMG_0847.png\",\"contentUrl\":\"https:\\\/\\\/letincelledaurel.fr\\\/wp-content\\\/uploads\\\/2025\\\/04\\\/IMG_0847.png\",\"width\":896,\"height\":1195},{\"@type\":\"BreadcrumbList\",\"@id\":\"https:\\\/\\\/letincelledaurel.fr\\\/index.php\\\/produit\\\/bougie-fruits-rouges\\\/#breadcrumb\",\"itemListElement\":[{\"@type\":\"ListItem\",\"position\":1,\"name\":\"Accueil\",\"item\":\"https:\\\/\\\/letincelledaurel.fr\\\/\"},{\"@type\":\"ListItem\",\"position\":2,\"name\":\"Boutique\",\"item\":\"https:\\\/\\\/letincelledaurel.fr\\\/index.php\\\/boutique\\\/\"},{\"@type\":\"ListItem\",\"position\":3,\"name\":\"Bougie Fruits Rouges Gourmands\"}]},{\"@type\":\"WebSite\",\"@id\":\"https:\\\/\\\/letincelledaurel.fr\\\/#website\",\"url\":\"https:\\\/\\\/letincelledaurel.fr\\\/\",\"name\":\"L'\u00c9tincelle d'Aurel\",\"description\":\"Un site utilisant WordPress\",\"publisher\":{\"@id\":\"https:\\\/\\\/letincelledaurel.fr\\\/#organization\"},\"potentialAction\":[{\"@type\":\"SearchAction\",\"target\":{\"@type\":\"EntryPoint\",\"urlTemplate\":\"https:\\\/\\\/letincelledaurel.fr\\\/?s={search_term_string}\"},\"query-input\":{\"@type\":\"PropertyValueSpecification\",\"valueRequired\":true,\"valueName\":\"search_term_string\"}}],\"inLanguage\":\"fr-FR\"},{\"@type\":\"Organization\",\"@id\":\"https:\\\/\\\/letincelledaurel.fr\\\/#organization\",\"name\":\"L'\u00c9tincelle d'Aurel\",\"url\":\"https:\\\/\\\/letincelledaurel.fr\\\/\",\"logo\":{\"@type\":\"ImageObject\",\"inLanguage\":\"fr-FR\",\"@id\":\"https:\\\/\\\/letincelledaurel.fr\\\/#\\\/schema\\\/logo\\\/image\\\/\",\"url\":\"https:\\\/\\\/letincelledaurel.fr\\\/wp-content\\\/uploads\\\/2025\\\/02\\\/cropped-Group-3-6-1.png\",\"contentUrl\":\"https:\\\/\\\/letincelledaurel.fr\\\/wp-content\\\/uploads\\\/2025\\\/02\\\/cropped-Group-3-6-1.png\",\"width\":943,\"height\":984,\"caption\":\"L'\u00c9tincelle d'Aurel\"},\"image\":{\"@id\":\"https:\\\/\\\/letincelledaurel.fr\\\/#\\\/schema\\\/logo\\\/image\\\/\"},\"sameAs\":[\"https:\\\/\\\/www.facebook.com\\\/people\\\/Ltincelle-dAurel\\\/61566151084639\\\/\",\"https:\\\/\\\/www.instagram.com\\\/letincelledaurel\\\/\"]}]}<\/script>\n<!-- \/ Yoast SEO plugin. -->","yoast_head_json":{"title":"Bougie Fruits Rouges Gourmands - L&#039;\u00c9tincelle d&#039;Aurel","robots":{"index":"index","follow":"follow","max-snippet":"max-snippet:-1","max-image-preview":"max-image-preview:large","max-video-preview":"max-video-preview:-1"},"canonical":"https:\/\/letincelledaurel.fr\/index.php\/produit\/bougie-fruits-rouges\/","og_locale":"fr_FR","og_type":"article","og_title":"Bougie Fruits Rouges Gourmands - L&#039;\u00c9tincelle d&#039;Aurel","og_description":"Succombez \u00e0 cette bougie au parfum fruit\u00e9 et gourmand, \u00e9voquant irr\u00e9sistiblement un d\u00e9licieux g\u00e2teau. Son effet trompe-l\u2019\u0153il r\u00e9aliste \u00e9veille les sens et attire tous les regards, pour une touche aussi ludique qu\u2019\u00e9l\u00e9gante dans votre int\u00e9rieur. Avec ses 140 g de cire, elle offre environ 25 heures de combustion, pour prolonger ce moment de douceur et de plaisir.Cette bougie diffuse une douce odeur fruit\u00e9 qui ressemble \u00e0 un bonbon, elle p\u00e8se 140g pour une combustion de 40h environ.","og_url":"https:\/\/letincelledaurel.fr\/index.php\/produit\/bougie-fruits-rouges\/","og_site_name":"L&#039;\u00c9tincelle d&#039;Aurel","article_publisher":"https:\/\/www.facebook.com\/people\/Ltincelle-dAurel\/61566151084639\/","article_modified_time":"2026-04-23T08:53:22+00:00","og_image":[{"width":896,"height":1195,"url":"https:\/\/letincelledaurel.fr\/wp-content\/uploads\/2025\/04\/IMG_0847.png","type":"image\/png"}],"twitter_card":"summary_large_image","twitter_misc":{"Dur\u00e9e de lecture estim\u00e9e":"2 minutes"},"schema":{"@context":"https:\/\/schema.org","@graph":[{"@type":"WebPage","@id":"https:\/\/letincelledaurel.fr\/index.php\/produit\/bougie-fruits-rouges\/","url":"https:\/\/letincelledaurel.fr\/index.php\/produit\/bougie-fruits-rouges\/","name":"Bougie Fruits Rouges Gourmands - L&#039;\u00c9tincelle d&#039;Aurel","isPartOf":{"@id":"https:\/\/letincelledaurel.fr\/#website"},"primaryImageOfPage":{"@id":"https:\/\/letincelledaurel.fr\/index.php\/produit\/bougie-fruits-rouges\/#primaryimage"},"image":{"@id":"https:\/\/letincelledaurel.fr\/index.php\/produit\/bougie-fruits-rouges\/#primaryimage"},"thumbnailUrl":"https:\/\/letincelledaurel.fr\/wp-content\/uploads\/2025\/04\/IMG_0847.png","datePublished":"2024-05-14T16:26:43+00:00","dateModified":"2026-04-23T08:53:22+00:00","breadcrumb":{"@id":"https:\/\/letincelledaurel.fr\/index.php\/produit\/bougie-fruits-rouges\/#breadcrumb"},"inLanguage":"fr-FR","potentialAction":[{"@type":"ReadAction","target":["https:\/\/letincelledaurel.fr\/index.php\/produit\/bougie-fruits-rouges\/"]}]},{"@type":"ImageObject","inLanguage":"fr-FR","@id":"https:\/\/letincelledaurel.fr\/index.php\/produit\/bougie-fruits-rouges\/#primaryimage","url":"https:\/\/letincelledaurel.fr\/wp-content\/uploads\/2025\/04\/IMG_0847.png","contentUrl":"https:\/\/letincelledaurel.fr\/wp-content\/uploads\/2025\/04\/IMG_0847.png","width":896,"height":1195},{"@type":"BreadcrumbList","@id":"https:\/\/letincelledaurel.fr\/index.php\/produit\/bougie-fruits-rouges\/#breadcrumb","itemListElement":[{"@type":"ListItem","position":1,"name":"Accueil","item":"https:\/\/letincelledaurel.fr\/"},{"@type":"ListItem","position":2,"name":"Boutique","item":"https:\/\/letincelledaurel.fr\/index.php\/boutique\/"},{"@type":"ListItem","position":3,"name":"Bougie Fruits Rouges Gourmands"}]},{"@type":"WebSite","@id":"https:\/\/letincelledaurel.fr\/#website","url":"https:\/\/letincelledaurel.fr\/","name":"L'\u00c9tincelle d'Aurel","description":"Un site utilisant WordPress","publisher":{"@id":"https:\/\/letincelledaurel.fr\/#organization"},"potentialAction":[{"@type":"SearchAction","target":{"@type":"EntryPoint","urlTemplate":"https:\/\/letincelledaurel.fr\/?s={search_term_string}"},"query-input":{"@type":"PropertyValueSpecification","valueRequired":true,"valueName":"search_term_string"}}],"inLanguage":"fr-FR"},{"@type":"Organization","@id":"https:\/\/letincelledaurel.fr\/#organization","name":"L'\u00c9tincelle d'Aurel","url":"https:\/\/letincelledaurel.fr\/","logo":{"@type":"ImageObject","inLanguage":"fr-FR","@id":"https:\/\/letincelledaurel.fr\/#\/schema\/logo\/image\/","url":"https:\/\/letincelledaurel.fr\/wp-content\/uploads\/2025\/02\/cropped-Group-3-6-1.png","contentUrl":"https:\/\/letincelledaurel.fr\/wp-content\/uploads\/2025\/02\/cropped-Group-3-6-1.png","width":943,"height":984,"caption":"L'\u00c9tincelle d'Aurel"},"image":{"@id":"https:\/\/letincelledaurel.fr\/#\/schema\/logo\/image\/"},"sameAs":["https:\/\/www.facebook.com\/people\/Ltincelle-dAurel\/61566151084639\/","https:\/\/www.instagram.com\/letincelledaurel\/"]}]}},"_links":{"self":[{"href":"https:\/\/letincelledaurel.fr\/index.php\/wp-json\/wp\/v2\/product\/128","targetHints":{"allow":["GET"]}}],"collection":[{"href":"https:\/\/letincelledaurel.fr\/index.php\/wp-json\/wp\/v2\/product"}],"about":[{"href":"https:\/\/letincelledaurel.fr\/index.php\/wp-json\/wp\/v2\/types\/product"}],"version-history":[{"count":15,"href":"https:\/\/letincelledaurel.fr\/index.php\/wp-json\/wp\/v2\/product\/128\/revisions"}],"predecessor-version":[{"id":1533,"href":"https:\/\/letincelledaurel.fr\/index.php\/wp-json\/wp\/v2\/product\/128\/revisions\/1533"}],"wp:featuredmedia":[{"embeddable":true,"href":"https:\/\/letincelledaurel.fr\/index.php\/wp-json\/wp\/v2\/media\/1564"}],"wp:attachment":[{"href":"https:\/\/letincelledaurel.fr\/index.php\/wp-json\/wp\/v2\/media?parent=128"}],"wp:term":[{"taxonomy":"product_brand","embeddable":true,"href":"https:\/\/letincelledaurel.fr\/index.php\/wp-json\/wp\/v2\/product_brand?post=128"},{"taxonomy":"product_cat","embeddable":true,"href":"https:\/\/letincelledaurel.fr\/index.php\/wp-json\/wp\/v2\/product_cat?post=128"},{"taxonomy":"product_tag","embeddable":true,"href":"https:\/\/letincelledaurel.fr\/index.php\/wp-json\/wp\/v2\/product_tag?post=128"}],"curies":[{"name":"wp","href":"https:\/\/api.w.org\/{rel}","templated":true}]}}