{"id":129,"date":"2024-05-14T18:27:03","date_gmt":"2024-05-14T16:27:03","guid":{"rendered":"https:\/\/letincd.cluster029.hosting.ovh.net\/?post_type=product&#038;p=129"},"modified":"2026-04-24T16:18:44","modified_gmt":"2026-04-24T14:18:44","slug":"bougie-musc-blanc","status":"publish","type":"product","link":"https:\/\/letincelledaurel.fr\/index.php\/produit\/bougie-musc-blanc\/","title":{"rendered":"Bougie Musc Blanc"},"content":{"rendered":"<p>Laissez-vous envo\u00fbter par cette bougie \u00e0 la fragrance de musc blanc, aux notes douces, poudr\u00e9es et d\u00e9licatement enveloppantes, qui cr\u00e9ent une atmosph\u00e8re apaisante et \u00e9l\u00e9gante. Avec ses 145 g de cire, elle offre environ 30 heures de combustion, sublim\u00e9es par le doux cr\u00e9pitement de sa m\u00e8che en bois, pour un moment de d\u00e9tente chaleureux et raffin\u00e9.<\/p>\n<h4>Informations<\/h4>\n<p>Elle se compose de cire de coco et d\u2019une m\u00e8che bois.<br \/>\nJ\u2019ai choisi la m\u00e8che bois car elle procure un effet cocooning gr\u00e2ce \u00e0 sa jolie lumi\u00e8re et son doux cr\u00e9pitement.<br \/>\nS\u2019agissant de model\u00e9 uniques, les photos ne sont pas contractuelles et les couleurs et les rendus peuvent l\u00e9g\u00e8rement changer<\/p>\n<h4>Pyramide olfactive<\/h4>\n<p><img fetchpriority=\"high\" decoding=\"async\" class=\"wp-image-206 alignleft\" src=\"https:\/\/letincelledaurel.fr\/wp-content\/uploads\/2024\/05\/Note-1-300x124.png\" alt=\"\" width=\"709\" height=\"293\" srcset=\"https:\/\/letincelledaurel.fr\/wp-content\/uploads\/2024\/05\/Note-1-300x124.png 300w, https:\/\/letincelledaurel.fr\/wp-content\/uploads\/2024\/05\/Note-1-1024x423.png 1024w, https:\/\/letincelledaurel.fr\/wp-content\/uploads\/2024\/05\/Note-1-768x317.png 768w, https:\/\/letincelledaurel.fr\/wp-content\/uploads\/2024\/05\/Note-1-1536x635.png 1536w, https:\/\/letincelledaurel.fr\/wp-content\/uploads\/2024\/05\/Note-1-2048x846.png 2048w, https:\/\/letincelledaurel.fr\/wp-content\/uploads\/2024\/05\/Note-1-600x248.png 600w\" sizes=\"(max-width: 709px) 100vw, 709px\" \/><\/p>\n<p>&nbsp;<\/p>\n<p>&nbsp;<\/p>\n<p>&nbsp;<\/p>\n<p>&nbsp;<\/p>\n<p>&nbsp;<\/p>\n<p>&nbsp;<\/p>\n<h4><\/h4>\n<h4>Conseils d\u2019utilisation<\/h4>\n<p>Veiller \u00e0 recouper la m\u00e8che si elle d\u00e9passe 0,7cm.<\/p>\n<h4>Pr\u00e9cautions d\u2019utilisation<\/h4>\n<p>Ne jamais laisser une bougie sans surveillance.<br \/>\nToujours placer votre bougie sur une surface plane.<br \/>\nNe jamais bouger, d\u00e9placer ou soulever une bougie allum\u00e9e<br \/>\n<strong>Tenir hors de port\u00e9e des enfants et des animaux<\/strong><\/p>\n<h4>\u00c9tiquette<\/h4>\n<p><img decoding=\"async\" class=\"alignnone wp-image-1069\" src=\"https:\/\/letincelledaurel.fr\/wp-content\/uploads\/2024\/11\/bougie-vegetale-musc-blanc-1-300x209.jpg\" alt=\"\" width=\"421\" height=\"293\" srcset=\"https:\/\/letincelledaurel.fr\/wp-content\/uploads\/2024\/11\/bougie-vegetale-musc-blanc-1-300x209.jpg 300w, https:\/\/letincelledaurel.fr\/wp-content\/uploads\/2024\/11\/bougie-vegetale-musc-blanc-1-768x535.jpg 768w, https:\/\/letincelledaurel.fr\/wp-content\/uploads\/2024\/11\/bougie-vegetale-musc-blanc-1-600x418.jpg 600w, https:\/\/letincelledaurel.fr\/wp-content\/uploads\/2024\/11\/bougie-vegetale-musc-blanc-1.jpg 800w\" sizes=\"(max-width: 421px) 100vw, 421px\" \/><\/p>\n","protected":false},"excerpt":{"rendered":"<p>Laissez-vous envo\u00fbter par cette bougie \u00e0 la fragrance de musc blanc, aux notes douces, poudr\u00e9es et d\u00e9licatement enveloppantes, qui cr\u00e9ent une atmosph\u00e8re apaisante et \u00e9l\u00e9gante. Avec ses 145 g de cire, elle offre environ 30 heures de combustion, sublim\u00e9es par le doux cr\u00e9pitement de sa m\u00e8che en bois, pour un moment de d\u00e9tente chaleureux et raffin\u00e9.<\/p>\n","protected":false},"featured_media":1597,"template":"","meta":{"_eb_attr":"","site-sidebar-layout":"default","site-content-layout":"","ast-site-content-layout":"default","site-content-style":"default","site-sidebar-style":"default","ast-global-header-display":"","ast-banner-title-visibility":"","ast-main-header-display":"","ast-hfb-above-header-display":"","ast-hfb-below-header-display":"","ast-hfb-mobile-header-display":"","site-post-title":"","ast-breadcrumbs-content":"","ast-featured-img":"","footer-sml-layout":"","ast-disable-related-posts":"","theme-transparent-header-meta":"default","adv-header-id-meta":"","stick-header-meta":"","header-above-stick-meta":"","header-main-stick-meta":"","header-below-stick-meta":"","astra-migrate-meta-layouts":"set","ast-page-background-enabled":"default","ast-page-background-meta":{"desktop":{"background-color":"var(--ast-global-color-5)","background-image":"","background-repeat":"repeat","background-position":"center center","background-size":"auto","background-attachment":"scroll","background-type":"","background-media":"","overlay-type":"","overlay-color":"","overlay-opacity":"","overlay-gradient":""},"tablet":{"background-color":"","background-image":"","background-repeat":"repeat","background-position":"center center","background-size":"auto","background-attachment":"scroll","background-type":"","background-media":"","overlay-type":"","overlay-color":"","overlay-opacity":"","overlay-gradient":""},"mobile":{"background-color":"","background-image":"","background-repeat":"repeat","background-position":"center center","background-size":"auto","background-attachment":"scroll","background-type":"","background-media":"","overlay-type":"","overlay-color":"","overlay-opacity":"","overlay-gradient":""}},"ast-content-background-meta":{"desktop":{"background-color":"var(--ast-global-color-4)","background-image":"","background-repeat":"repeat","background-position":"center center","background-size":"auto","background-attachment":"scroll","background-type":"","background-media":"","overlay-type":"","overlay-color":"","overlay-opacity":"","overlay-gradient":""},"tablet":{"background-color":"var(--ast-global-color-4)","background-image":"","background-repeat":"repeat","background-position":"center center","background-size":"auto","background-attachment":"scroll","background-type":"","background-media":"","overlay-type":"","overlay-color":"","overlay-opacity":"","overlay-gradient":""},"mobile":{"background-color":"var(--ast-global-color-4)","background-image":"","background-repeat":"repeat","background-position":"center center","background-size":"auto","background-attachment":"scroll","background-type":"","background-media":"","overlay-type":"","overlay-color":"","overlay-opacity":"","overlay-gradient":""}}},"product_brand":[],"product_cat":[20,25],"product_tag":[],"class_list":{"0":"post-129","1":"product","2":"type-product","3":"status-publish","4":"has-post-thumbnail","6":"product_cat-bougies","7":"product_cat-bougies-parfumees","8":"desktop-align-left","9":"tablet-align-left","10":"mobile-align-left","12":"first","13":"instock","14":"shipping-taxable","15":"purchasable","16":"product-type-simple"},"yoast_head":"<!-- This site is optimized with the Yoast SEO plugin v27.4 - https:\/\/yoast.com\/product\/yoast-seo-wordpress\/ -->\n<title>Bougie Musc Blanc - L&#039;\u00c9tincelle d&#039;Aurel<\/title>\n<meta name=\"robots\" content=\"index, follow, max-snippet:-1, max-image-preview:large, max-video-preview:-1\" \/>\n<link rel=\"canonical\" href=\"https:\/\/letincelledaurel.fr\/index.php\/produit\/bougie-musc-blanc\/\" \/>\n<meta property=\"og:locale\" content=\"fr_FR\" \/>\n<meta property=\"og:type\" content=\"article\" \/>\n<meta property=\"og:title\" content=\"Bougie Musc Blanc - L&#039;\u00c9tincelle d&#039;Aurel\" \/>\n<meta property=\"og:description\" content=\"Laissez-vous envo\u00fbter par cette bougie \u00e0 la fragrance de musc blanc, aux notes douces, poudr\u00e9es et d\u00e9licatement enveloppantes, qui cr\u00e9ent une atmosph\u00e8re apaisante et \u00e9l\u00e9gante. Avec ses 145 g de cire, elle offre environ 30 heures de combustion, sublim\u00e9es par le doux cr\u00e9pitement de sa m\u00e8che en bois, pour un moment de d\u00e9tente chaleureux et raffin\u00e9.\" \/>\n<meta property=\"og:url\" content=\"https:\/\/letincelledaurel.fr\/index.php\/produit\/bougie-musc-blanc\/\" \/>\n<meta property=\"og:site_name\" content=\"L&#039;\u00c9tincelle d&#039;Aurel\" \/>\n<meta property=\"article:publisher\" content=\"https:\/\/www.facebook.com\/people\/Ltincelle-dAurel\/61566151084639\/\" \/>\n<meta property=\"article:modified_time\" content=\"2026-04-24T14:18:44+00:00\" \/>\n<meta property=\"og:image\" content=\"https:\/\/letincelledaurel.fr\/wp-content\/uploads\/2025\/09\/Gemini_Generated_Image_wywal7wywal7wywa-768x1024.png\" \/>\n\t<meta property=\"og:image:width\" content=\"768\" \/>\n\t<meta property=\"og:image:height\" content=\"1024\" \/>\n\t<meta property=\"og:image:type\" content=\"image\/png\" \/>\n<meta name=\"twitter:card\" content=\"summary_large_image\" \/>\n<meta name=\"twitter:label1\" content=\"Dur\u00e9e de lecture estim\u00e9e\" \/>\n\t<meta name=\"twitter:data1\" content=\"2 minutes\" \/>\n<script type=\"application\/ld+json\" class=\"yoast-schema-graph\">{\"@context\":\"https:\\\/\\\/schema.org\",\"@graph\":[{\"@type\":\"WebPage\",\"@id\":\"https:\\\/\\\/letincelledaurel.fr\\\/index.php\\\/produit\\\/bougie-musc-blanc\\\/\",\"url\":\"https:\\\/\\\/letincelledaurel.fr\\\/index.php\\\/produit\\\/bougie-musc-blanc\\\/\",\"name\":\"Bougie Musc Blanc - L&#039;\u00c9tincelle d&#039;Aurel\",\"isPartOf\":{\"@id\":\"https:\\\/\\\/letincelledaurel.fr\\\/#website\"},\"primaryImageOfPage\":{\"@id\":\"https:\\\/\\\/letincelledaurel.fr\\\/index.php\\\/produit\\\/bougie-musc-blanc\\\/#primaryimage\"},\"image\":{\"@id\":\"https:\\\/\\\/letincelledaurel.fr\\\/index.php\\\/produit\\\/bougie-musc-blanc\\\/#primaryimage\"},\"thumbnailUrl\":\"https:\\\/\\\/letincelledaurel.fr\\\/wp-content\\\/uploads\\\/2025\\\/09\\\/Gemini_Generated_Image_wywal7wywal7wywa.png\",\"datePublished\":\"2024-05-14T16:27:03+00:00\",\"dateModified\":\"2026-04-24T14:18:44+00:00\",\"breadcrumb\":{\"@id\":\"https:\\\/\\\/letincelledaurel.fr\\\/index.php\\\/produit\\\/bougie-musc-blanc\\\/#breadcrumb\"},\"inLanguage\":\"fr-FR\",\"potentialAction\":[{\"@type\":\"ReadAction\",\"target\":[\"https:\\\/\\\/letincelledaurel.fr\\\/index.php\\\/produit\\\/bougie-musc-blanc\\\/\"]}]},{\"@type\":\"ImageObject\",\"inLanguage\":\"fr-FR\",\"@id\":\"https:\\\/\\\/letincelledaurel.fr\\\/index.php\\\/produit\\\/bougie-musc-blanc\\\/#primaryimage\",\"url\":\"https:\\\/\\\/letincelledaurel.fr\\\/wp-content\\\/uploads\\\/2025\\\/09\\\/Gemini_Generated_Image_wywal7wywal7wywa.png\",\"contentUrl\":\"https:\\\/\\\/letincelledaurel.fr\\\/wp-content\\\/uploads\\\/2025\\\/09\\\/Gemini_Generated_Image_wywal7wywal7wywa.png\",\"width\":896,\"height\":1195},{\"@type\":\"BreadcrumbList\",\"@id\":\"https:\\\/\\\/letincelledaurel.fr\\\/index.php\\\/produit\\\/bougie-musc-blanc\\\/#breadcrumb\",\"itemListElement\":[{\"@type\":\"ListItem\",\"position\":1,\"name\":\"Accueil\",\"item\":\"https:\\\/\\\/letincelledaurel.fr\\\/\"},{\"@type\":\"ListItem\",\"position\":2,\"name\":\"Boutique\",\"item\":\"https:\\\/\\\/letincelledaurel.fr\\\/index.php\\\/boutique\\\/\"},{\"@type\":\"ListItem\",\"position\":3,\"name\":\"Bougie Musc Blanc\"}]},{\"@type\":\"WebSite\",\"@id\":\"https:\\\/\\\/letincelledaurel.fr\\\/#website\",\"url\":\"https:\\\/\\\/letincelledaurel.fr\\\/\",\"name\":\"L'\u00c9tincelle d'Aurel\",\"description\":\"Un site utilisant WordPress\",\"publisher\":{\"@id\":\"https:\\\/\\\/letincelledaurel.fr\\\/#organization\"},\"potentialAction\":[{\"@type\":\"SearchAction\",\"target\":{\"@type\":\"EntryPoint\",\"urlTemplate\":\"https:\\\/\\\/letincelledaurel.fr\\\/?s={search_term_string}\"},\"query-input\":{\"@type\":\"PropertyValueSpecification\",\"valueRequired\":true,\"valueName\":\"search_term_string\"}}],\"inLanguage\":\"fr-FR\"},{\"@type\":\"Organization\",\"@id\":\"https:\\\/\\\/letincelledaurel.fr\\\/#organization\",\"name\":\"L'\u00c9tincelle d'Aurel\",\"url\":\"https:\\\/\\\/letincelledaurel.fr\\\/\",\"logo\":{\"@type\":\"ImageObject\",\"inLanguage\":\"fr-FR\",\"@id\":\"https:\\\/\\\/letincelledaurel.fr\\\/#\\\/schema\\\/logo\\\/image\\\/\",\"url\":\"https:\\\/\\\/letincelledaurel.fr\\\/wp-content\\\/uploads\\\/2025\\\/02\\\/cropped-Group-3-6-1.png\",\"contentUrl\":\"https:\\\/\\\/letincelledaurel.fr\\\/wp-content\\\/uploads\\\/2025\\\/02\\\/cropped-Group-3-6-1.png\",\"width\":943,\"height\":984,\"caption\":\"L'\u00c9tincelle d'Aurel\"},\"image\":{\"@id\":\"https:\\\/\\\/letincelledaurel.fr\\\/#\\\/schema\\\/logo\\\/image\\\/\"},\"sameAs\":[\"https:\\\/\\\/www.facebook.com\\\/people\\\/Ltincelle-dAurel\\\/61566151084639\\\/\",\"https:\\\/\\\/www.instagram.com\\\/letincelledaurel\\\/\"]}]}<\/script>\n<!-- \/ Yoast SEO plugin. -->","yoast_head_json":{"title":"Bougie Musc Blanc - L&#039;\u00c9tincelle d&#039;Aurel","robots":{"index":"index","follow":"follow","max-snippet":"max-snippet:-1","max-image-preview":"max-image-preview:large","max-video-preview":"max-video-preview:-1"},"canonical":"https:\/\/letincelledaurel.fr\/index.php\/produit\/bougie-musc-blanc\/","og_locale":"fr_FR","og_type":"article","og_title":"Bougie Musc Blanc - L&#039;\u00c9tincelle d&#039;Aurel","og_description":"Laissez-vous envo\u00fbter par cette bougie \u00e0 la fragrance de musc blanc, aux notes douces, poudr\u00e9es et d\u00e9licatement enveloppantes, qui cr\u00e9ent une atmosph\u00e8re apaisante et \u00e9l\u00e9gante. Avec ses 145 g de cire, elle offre environ 30 heures de combustion, sublim\u00e9es par le doux cr\u00e9pitement de sa m\u00e8che en bois, pour un moment de d\u00e9tente chaleureux et raffin\u00e9.","og_url":"https:\/\/letincelledaurel.fr\/index.php\/produit\/bougie-musc-blanc\/","og_site_name":"L&#039;\u00c9tincelle d&#039;Aurel","article_publisher":"https:\/\/www.facebook.com\/people\/Ltincelle-dAurel\/61566151084639\/","article_modified_time":"2026-04-24T14:18:44+00:00","og_image":[{"width":768,"height":1024,"url":"https:\/\/letincelledaurel.fr\/wp-content\/uploads\/2025\/09\/Gemini_Generated_Image_wywal7wywal7wywa-768x1024.png","type":"image\/png"}],"twitter_card":"summary_large_image","twitter_misc":{"Dur\u00e9e de lecture estim\u00e9e":"2 minutes"},"schema":{"@context":"https:\/\/schema.org","@graph":[{"@type":"WebPage","@id":"https:\/\/letincelledaurel.fr\/index.php\/produit\/bougie-musc-blanc\/","url":"https:\/\/letincelledaurel.fr\/index.php\/produit\/bougie-musc-blanc\/","name":"Bougie Musc Blanc - L&#039;\u00c9tincelle d&#039;Aurel","isPartOf":{"@id":"https:\/\/letincelledaurel.fr\/#website"},"primaryImageOfPage":{"@id":"https:\/\/letincelledaurel.fr\/index.php\/produit\/bougie-musc-blanc\/#primaryimage"},"image":{"@id":"https:\/\/letincelledaurel.fr\/index.php\/produit\/bougie-musc-blanc\/#primaryimage"},"thumbnailUrl":"https:\/\/letincelledaurel.fr\/wp-content\/uploads\/2025\/09\/Gemini_Generated_Image_wywal7wywal7wywa.png","datePublished":"2024-05-14T16:27:03+00:00","dateModified":"2026-04-24T14:18:44+00:00","breadcrumb":{"@id":"https:\/\/letincelledaurel.fr\/index.php\/produit\/bougie-musc-blanc\/#breadcrumb"},"inLanguage":"fr-FR","potentialAction":[{"@type":"ReadAction","target":["https:\/\/letincelledaurel.fr\/index.php\/produit\/bougie-musc-blanc\/"]}]},{"@type":"ImageObject","inLanguage":"fr-FR","@id":"https:\/\/letincelledaurel.fr\/index.php\/produit\/bougie-musc-blanc\/#primaryimage","url":"https:\/\/letincelledaurel.fr\/wp-content\/uploads\/2025\/09\/Gemini_Generated_Image_wywal7wywal7wywa.png","contentUrl":"https:\/\/letincelledaurel.fr\/wp-content\/uploads\/2025\/09\/Gemini_Generated_Image_wywal7wywal7wywa.png","width":896,"height":1195},{"@type":"BreadcrumbList","@id":"https:\/\/letincelledaurel.fr\/index.php\/produit\/bougie-musc-blanc\/#breadcrumb","itemListElement":[{"@type":"ListItem","position":1,"name":"Accueil","item":"https:\/\/letincelledaurel.fr\/"},{"@type":"ListItem","position":2,"name":"Boutique","item":"https:\/\/letincelledaurel.fr\/index.php\/boutique\/"},{"@type":"ListItem","position":3,"name":"Bougie Musc Blanc"}]},{"@type":"WebSite","@id":"https:\/\/letincelledaurel.fr\/#website","url":"https:\/\/letincelledaurel.fr\/","name":"L'\u00c9tincelle d'Aurel","description":"Un site utilisant WordPress","publisher":{"@id":"https:\/\/letincelledaurel.fr\/#organization"},"potentialAction":[{"@type":"SearchAction","target":{"@type":"EntryPoint","urlTemplate":"https:\/\/letincelledaurel.fr\/?s={search_term_string}"},"query-input":{"@type":"PropertyValueSpecification","valueRequired":true,"valueName":"search_term_string"}}],"inLanguage":"fr-FR"},{"@type":"Organization","@id":"https:\/\/letincelledaurel.fr\/#organization","name":"L'\u00c9tincelle d'Aurel","url":"https:\/\/letincelledaurel.fr\/","logo":{"@type":"ImageObject","inLanguage":"fr-FR","@id":"https:\/\/letincelledaurel.fr\/#\/schema\/logo\/image\/","url":"https:\/\/letincelledaurel.fr\/wp-content\/uploads\/2025\/02\/cropped-Group-3-6-1.png","contentUrl":"https:\/\/letincelledaurel.fr\/wp-content\/uploads\/2025\/02\/cropped-Group-3-6-1.png","width":943,"height":984,"caption":"L'\u00c9tincelle d'Aurel"},"image":{"@id":"https:\/\/letincelledaurel.fr\/#\/schema\/logo\/image\/"},"sameAs":["https:\/\/www.facebook.com\/people\/Ltincelle-dAurel\/61566151084639\/","https:\/\/www.instagram.com\/letincelledaurel\/"]}]}},"_links":{"self":[{"href":"https:\/\/letincelledaurel.fr\/index.php\/wp-json\/wp\/v2\/product\/129","targetHints":{"allow":["GET"]}}],"collection":[{"href":"https:\/\/letincelledaurel.fr\/index.php\/wp-json\/wp\/v2\/product"}],"about":[{"href":"https:\/\/letincelledaurel.fr\/index.php\/wp-json\/wp\/v2\/types\/product"}],"version-history":[{"count":12,"href":"https:\/\/letincelledaurel.fr\/index.php\/wp-json\/wp\/v2\/product\/129\/revisions"}],"predecessor-version":[{"id":1529,"href":"https:\/\/letincelledaurel.fr\/index.php\/wp-json\/wp\/v2\/product\/129\/revisions\/1529"}],"wp:featuredmedia":[{"embeddable":true,"href":"https:\/\/letincelledaurel.fr\/index.php\/wp-json\/wp\/v2\/media\/1597"}],"wp:attachment":[{"href":"https:\/\/letincelledaurel.fr\/index.php\/wp-json\/wp\/v2\/media?parent=129"}],"wp:term":[{"taxonomy":"product_brand","embeddable":true,"href":"https:\/\/letincelledaurel.fr\/index.php\/wp-json\/wp\/v2\/product_brand?post=129"},{"taxonomy":"product_cat","embeddable":true,"href":"https:\/\/letincelledaurel.fr\/index.php\/wp-json\/wp\/v2\/product_cat?post=129"},{"taxonomy":"product_tag","embeddable":true,"href":"https:\/\/letincelledaurel.fr\/index.php\/wp-json\/wp\/v2\/product_tag?post=129"}],"curies":[{"name":"wp","href":"https:\/\/api.w.org\/{rel}","templated":true}]}}